{"id":48336,"date":"2025-08-28T09:33:24","date_gmt":"2025-08-28T09:33:24","guid":{"rendered":"https:\/\/newvt.verticaltechnik.ch\/product\/granite-bank\/"},"modified":"2025-08-28T09:33:24","modified_gmt":"2025-08-28T09:33:24","slug":"granite-bank","status":"publish","type":"product","link":"https:\/\/verticaltechnik.ch\/fr\/produit\/granite-bank\/","title":{"rendered":"Granite Bank"},"content":{"rendered":"<p>Ce module sert entre autres de rampe de lancement. De la plateforme, on se dirige vers un module central pour y r\u00e9aliser des figures. Il sert \u00e9galement de module pour r\u00e9aliser des figures sur le plan inclin\u00e9.  <\/p>\n","protected":false},"excerpt":{"rendered":"<p>Ce module sert entre autres de rampe de lancement. De la plateforme, on se dirige vers un module central pour y r\u00e9aliser des figures. Il sert \u00e9galement de module pour&#8230;<\/p>\n","protected":false},"featured_media":45458,"template":"","meta":[],"product_brand":[],"product_cat":[11877],"product_tag":[],"class_list":{"0":"post-48336","1":"product","2":"type-product","3":"status-publish","4":"has-post-thumbnail","6":"product_cat-banques","8":"first","9":"instock","10":"shipping-taxable","11":"purchasable","12":"product-type-simple"},"_links":{"self":[{"href":"https:\/\/verticaltechnik.ch\/fr\/wp-json\/wp\/v2\/product\/48336","targetHints":{"allow":["GET"]}}],"collection":[{"href":"https:\/\/verticaltechnik.ch\/fr\/wp-json\/wp\/v2\/product"}],"about":[{"href":"https:\/\/verticaltechnik.ch\/fr\/wp-json\/wp\/v2\/types\/product"}],"wp:featuredmedia":[{"embeddable":true,"href":"https:\/\/verticaltechnik.ch\/fr\/wp-json\/wp\/v2\/media\/45458"}],"wp:attachment":[{"href":"https:\/\/verticaltechnik.ch\/fr\/wp-json\/wp\/v2\/media?parent=48336"}],"wp:term":[{"taxonomy":"product_brand","embeddable":true,"href":"https:\/\/verticaltechnik.ch\/fr\/wp-json\/wp\/v2\/product_brand?post=48336"},{"taxonomy":"product_cat","embeddable":true,"href":"https:\/\/verticaltechnik.ch\/fr\/wp-json\/wp\/v2\/product_cat?post=48336"},{"taxonomy":"product_tag","embeddable":true,"href":"https:\/\/verticaltechnik.ch\/fr\/wp-json\/wp\/v2\/product_tag?post=48336"}],"curies":[{"name":"wp","href":"https:\/\/api.w.org\/{rel}","templated":true}]}}

<p>Ce module sert entre autres de rampe de lancement. De la plateforme, on se dirige vers un module central pour y réaliser des figures. Il sert également de module pour réaliser des figures sur le plan incliné.  </p>

<p>Ce module sert entre autres de rampe de lancement. De la plateforme, on se dirige vers un module central pour y réaliser des figures. Il sert également de module pour&#8230;</p>
