{"id":49868,"date":"2025-08-28T10:14:48","date_gmt":"2025-08-28T10:14:48","guid":{"rendered":"https:\/\/newvt.verticaltechnik.ch\/product\/habillage-pour-miniramp-1400-bassin-de-75-m-a-180-plan-incline-de-3-m\/"},"modified":"2025-08-28T10:14:48","modified_gmt":"2025-08-28T10:14:48","slug":"habillage-pour-miniramp-1400-bassin-de-75-m-a-180-plan-incline-de-3-m","status":"publish","type":"product","link":"https:\/\/verticaltechnik.ch\/fr\/produit\/habillage-pour-miniramp-1400-bassin-de-75-m-a-180-plan-incline-de-3-m\/","title":{"rendered":"Habillage pour Miniramp 1400 Bassin de 7,5 m \u00e0 180\u00b0 + Plan inclin\u00e9 de 3 m"},"content":{"rendered":"<p>Les habillages emp\u00eachent l\u2019accumulation de d\u00e9chets sous les installations de skate. Les habillages sont \u00e9quip\u00e9s de deux trappes de service. Une porte de service verrouillable peut \u00e9galement \u00eatre install\u00e9e en option. Des fentes d\u2019a\u00e9ration assurent la circulation de l\u2019air. Ce produit est compatible avec K00301.    <\/p>\n","protected":false},"excerpt":{"rendered":"<p>Les habillages emp\u00eachent l\u2019accumulation de d\u00e9chets sous les installations de skate. Les habillages sont \u00e9quip\u00e9s de deux trappes de service. Une porte de service verrouillable peut \u00e9galement \u00eatre install\u00e9e en&#8230;<\/p>\n","protected":false},"featured_media":43490,"template":"","meta":[],"product_brand":[],"product_cat":[12175],"product_tag":[],"class_list":{"0":"post-49868","1":"product","2":"type-product","3":"status-publish","4":"has-post-thumbnail","6":"product_cat-rampes","8":"first","9":"instock","10":"shipping-taxable","11":"purchasable","12":"product-type-simple"},"_links":{"self":[{"href":"https:\/\/verticaltechnik.ch\/fr\/wp-json\/wp\/v2\/product\/49868","targetHints":{"allow":["GET"]}}],"collection":[{"href":"https:\/\/verticaltechnik.ch\/fr\/wp-json\/wp\/v2\/product"}],"about":[{"href":"https:\/\/verticaltechnik.ch\/fr\/wp-json\/wp\/v2\/types\/product"}],"wp:featuredmedia":[{"embeddable":true,"href":"https:\/\/verticaltechnik.ch\/fr\/wp-json\/wp\/v2\/media\/43490"}],"wp:attachment":[{"href":"https:\/\/verticaltechnik.ch\/fr\/wp-json\/wp\/v2\/media?parent=49868"}],"wp:term":[{"taxonomy":"product_brand","embeddable":true,"href":"https:\/\/verticaltechnik.ch\/fr\/wp-json\/wp\/v2\/product_brand?post=49868"},{"taxonomy":"product_cat","embeddable":true,"href":"https:\/\/verticaltechnik.ch\/fr\/wp-json\/wp\/v2\/product_cat?post=49868"},{"taxonomy":"product_tag","embeddable":true,"href":"https:\/\/verticaltechnik.ch\/fr\/wp-json\/wp\/v2\/product_tag?post=49868"}],"curies":[{"name":"wp","href":"https:\/\/api.w.org\/{rel}","templated":true}]}}

Habillage pour Miniramp 1400 Bassin de 7,5 m à 180° + Plan incliné de 3 m

<p>Les habillages empêchent l’accumulation de déchets sous les installations de skate. Les habillages sont équipés de deux trappes de service. Une porte de service verrouillable peut également être installée en option. Des fentes d’aération assurent la circulation de l’air. Ce produit est compatible avec K00301.    </p>

<p>Les habillages empêchent l’accumulation de déchets sous les installations de skate. Les habillages sont équipés de deux trappes de service. Une porte de service verrouillable peut également être installée en&#8230;</p>
